 + 5 + -9 - -11) - 8?
-16
What is the value of -20 + (23 - 36) + 22?
-11
Evaluate 3 + -18 - (20 - (4 - 3)).
-34
(-19 - -25) + 18 + -3
21
Calculate 8 + (3 - 6) + -6 + 14 + -3.
10
What is -16 + (8 + (1 - (-6 - -11)) - 3)?
-15
Calculate -13 - 1 - -7 - -16.
9
Calculate -33 + 8 + -12 + 11 + 7.
-19
Calculate 8 + 5 + (-2 + 3 - 6) + 9.
17
76 + -73 + (-7 - 1)
-5
Calculate 11 + -13 + 11 + -23 - -5.
-9
14 + -6 - (-2 - 3 - (-26 - -25))
12
What is the value of (1 - 7) + -43 + 23 + 9?
-17
What is the value of 2 + -16 - (-2 + (4 - -12))?
-28
What is 10 + -38 + (18 - 15)?
-25
Evaluate (5 - 16) + 10 + -4.
-5
What is -1 + -16 + 12 - -20?
15
What is 15 + (-1 - 15) - (18 + -5)?
-14
3 - 10 - (0 + 6 - 14)
1
Calculate (9 - -16) + (2 - 5 - -7 - 7).
22
What is -16 + (-19 - (-15 + 5))?
-25
Evaluate 7 + -7 + -5 - -28 - 10.
13
Evaluate (1 - 1) + -490 + 486 + (10 - 1).
5
(2 - -1) + -9 + -1 + 6
-1
(16 - 17 - (1 - (3 + -1))) + -10
-10
Evaluate -11 - (0 + 4 + -9 + 6) - 22.
-34
-2 + 9 + (14 - 9 - 7)
5
Calculate 132 + -154 + -2 + 49.
25
What is the value of (24 - 27 - (-1 - 10)) + (0 - -17)?
25
Calculate 17 + (17 - 13) - (-2 - -13).
10
Evaluate (-3 - -5 - (-6 + 0)) + (-16 - -5).
-3
21 + -18 + 19 + -27
-5
What is the value of -4 - (-15 - (-2 + -10 + 10))?
9
Evaluate -10 - (-6 + -14 + 5).
5
2 + -25 - -48 - (3 - -3)
19
(9 - -2) + (-10 - (-4 - 17 - -3))
19
Calculate 8 - (1 + 0 + (-32 - -17) + -9).
31
What is 7 + (6 - (0 + 3)) + (-9 - 3)?
-2
(8 - 12) + 49 - (69 + -55)
31
Evaluate (2 - (8 + 6)) + 24.
12
What is the value of 30 + -31 + 5 - -22?
26
1 + 7 - (-12 - -13 - 10 - -25)
-8
Evaluate -12 + 7 - (4 - (-6 + 24)).
9
(-33 - -26) + 32 + -1 + -6
18
What is the value of -2 + (124 + -118 - (1 + 0 - 2))?
5
(32 - (20 - 15)) + -16
11
What is the value of 0 + 10 + -83 + 76?
3
Calculate (4 - (2 + -3)) + (-1037 - -1039).
7
What is (0 - 5) + (16 - (16 + -7))?
2
Calculate -5 - -3 - (1 - -8).
-11
Evaluate -1 + -1 + 10 + (-2 - 3) + -14.
-11
Evaluate (2 - 1 - 10) + 822 + -810.
3
What is the value of 6 + -5 - (5 + 2)?
-6
Calculate -11 + -14 + (17 - 1).
-9
What is the value of (18 - 5) + (-37 - -20) + (1 - -6)?
3
What is the value of (-17 - -2) + 61 + -64 - (-2 - -5)?
-21
What is the value of -25 + 15 - (5 + -4 + -5)?
-6
Evaluate -15 - ((8 - 2) + -56 + 52).
-17
Calculate (3 - -4) + -8 + -6 - -4.
-3
16 - 10 - 12 - -5
-1
What is (-2 - 1) + (-2 - 0) - -12?
7
(1 - 10) + 22 + -16 - -18
15
What is the value of -410 + 413 - (10 - -19 - (0 + 2))?
-24
Calculate (-3 + 4 - 12) + -14.
-25
What is (-14 - 1) + (-6 - -20 - 10)?
-11
Calculate 12 + (28 - 28 - 4).
8
What is 55 + -44 - (-1 - 1) - 2?
11
What is the value of -5 + 31 + (-11 - 12) + 8?
11
What is (15 + 2 - 1) + 44 + -50?
10
What is the value of (3 + 5 + -10 - 0) + -2?
-4
What is the value of -16 - (-1 - 0) - ((9 - -1) + -14)?
-11
Calculate -2 + 10 - ((40 - (-1 - -8)) + -15).
-10
(-50 + 51 - (8 - 1)) + 7
1
(12 - 7) + -21 - (17 - 4)
-29
What is the value of (6 - (2 + -4)) + (-4 - (8 + -6))?
2
7 + (-5 - 3) + 9 + -5 + -10
-7
What is -42 + (-11 - -49 - 18)?
-22
8 + 3 + -3 - 7
1
Calculate 4 + (-10 - -14) - -9.
17
Evaluate 5 - 9 - -3 - (6 + 3 + 0).
-10
Calculate (1 - -3 - -22) + -6 + -8 + 8.
20
What is 21 - (-18 + 20 + 20)?
-1
What is the value of 3 + -11 + -61 + 53 + 10 + -1?
-7
Calculate 5 - (4 - 6 - (5 + -3) - 0).
9
What is the value of -40 + 30 + -18 + -1 - (-7 - 2)?
-20
(25 - 27) + -2 + 11
7
What is the value of 24 + 9 - 12 - 15?
6
What is 71 + -62 + 2 + -1?
10
Calculate -10 - ((0 - (-3 + -16)) + 15 + -18).
-26
Evaluate 26 + -46 - (31 + -42).
-9
Evaluate -1 - 20 - (44 + -24 - 30).
-11
What is 0 + 5 - (-39 + -18 + 45)?
17
What is (-8 - (15 - 28)) + 1 + -1?
5
Calculate (735 - 740) + (-1 + 2 + -1 - -20).
15
35 - 1 - (-169 - -206)
-3
What is the value of -19 + 28 + -15 + (-1 + -4 - 1)?
-12
Calculate 2 + -4 + -2 + (0 - 2) - -4.
-2
Evaluate (-18 - (-22 - 14)) + -6 + 0.
12
Calculate -16 - (-27 + (21 - 10)).
0
Evaluate 10 + -6 + (22 - 11).
15
Calculate 7 - 10 - -1 - (-5 - -13 - 4).
-6
What is 12 + (-14 - -2) + 12?
12
Calculate (8 - (-1 + 11)) + (-6 - -3) + 7.
2
21 + -46 + 18 + -17
-24
Evaluate -21 + -16 + 60 + -1.
22
What is (0 - 5) + 5 - (4 + -4 - 2)?
2
What is 14 + -15 + 6 + -3?
2
Evaluate (2 - 18) + -1 + -3 + (41 - 47).
-26
Evaluate 2 + -9 + (36 - 39) + (23 - -3).
16
What is the value of 2 - (1 - -7 - (-415 - -424))?
3
Evaluate 13 + (-1 - 10) + 120 + -103.
19
64 + -50 + (0 - 1) + -2 + -4
7
What is (-36 - -3) + (46 - 33)?
-20
5 + -36 + 23 + 36
28
What is (-12 - 1) + -124 + 182 + -14?
31
Evaluate (-15 - -15) + (-11 - -6) + 2 + -19.
-22
Calculate 0 + 0 + (13 + -13 - -9).
9
Evaluate (0 - -19) + 13 + -14.
18
Calculate -13 + 12 + (-5 - (2 + 4 - 2)).
-10
What is the value of -1 + (0 - (-9 + 5) - 7) - -11?
7
Evaluate 19 + 10 + -11 + -19.
-1
Evaluate -9 + 0 + -1 - -2 - -16.
8
What is the value of -1 - 0 - (18 - (-52 - -76))?
5
Calculate (-52 - (-42 + 9)) + -8.
-27
Evaluate (17 - (-1 - 4 - -8)) + 7 + -5.
16
What is the value of (22 - 48) + -12 - -14?
-24
(-15 - 5) + (-52 - -53)
-19
What is the value of (5 - (4 + -1 + 8)) + (5 - 9)?
-10
0 + -1 + 0 + 426 + -434
-9
What is 7 + -6 + 10 - 2 - -6?
15
Evaluate -13 + 26 + -12 + 25 + -1.
25
(4 - (-8 - (-16 + 8))) + -11 + 11
4
Calculate (-10 - (10 - 21) - 7) + 19.
13
Evaluate (1 - 7) + (-2 - (43 + -45)).
-6
Calculate (9 - 7) + (0 + 2 - -7) - 0.
11
What is 18 - (20 - -5 - -8) - 16?
-31
-33 + (8 - (2 - 6) - -2)
-19
Evaluate -60 + 26 + -28 + 43.
-19
-2 - (0 - (-10 - -6)) - -10
4
Calculate (-5 - (0 + 5 + -10)) + -2.
-2
Calculate 9 + -2 - (2 + 7 + -17).
15
Evaluate (1 + -5 - 0) + -1 + -11 - -2.
-14
Calculate (-15 - -9) + -4 + 5 + 0 + -1.
-6
Evaluate 59 - (76 + -33) - 10.
6
What is 239 + -242 + (4 + -1 - -18)?
18
-51 + 40 + 7 + 20
16
(-1 - 15) + 50 + -48
-14
What is -27 + (-57 + 19 - -59)?
-6
What is (-12 - (-18 + -4)) + -21 - -25?
14
What is 1 - 15 - (-11 + 1)?
-4
1 + 4 + (5 - 11 - 5) + 31
25
(7 - (0 - -1) - (230 + -232)) + 5
13
Evaluate (5 - -1 - (-38 + 50)) + 4.
-2
Calculate 1 + (-80 + 94 - (-2 + 12)).
5
Calculate 40 + -39 - (2 + 1).
-2
What is 15 + -37 + 1 - -45?
24
Calculate 3 + (-1 - -4 - 7) - (7 - 14).
6
Evaluate -1 + (-7 - -2 - -5) + -11 + -7.
-19
-165 + 137 + (1 + 4 + -3 - -7)
-19
Calculate 0 + 1 + 14 + (2 - 15) + 0.
2
-12 + (9 + -12 - -9)
-6
5 - 26 - (4 - (2 - 0))
-23
What is the value of -11 + 0 + -8 - (-7 + (-5 - -3))?
-10
Calculate 16 + -27 + (41 - 21).
9
Calculate (-10 - -5) + (-1 - -14).
8
What is the value of -7 + (-6 - -9 - -2) + 2 + -3?
-3
0 + 7 + (-2 + 8 - 12)
1
Evaluate (-17 - (1 - 44)) + -10.
16
What is the value of -864 + 842 + (0 - 4)?
-26
Evaluate 1 + (-25 + 24 - 10).
-10
Calculate -9 + (77 + -36 - -4).
36
Calculate (30 - 9) + -10 - (0 - -1 - -5).
5
Calculate (19 - 20 - (-1 + 0)) + 0 + -9.
-9
Evaluate -5 - (3 - (7 - (-6 + 7))).
-2
(3 - 17) + 13 + 0 + -6
-7
What is 26 - (30 + 5) - (1 + (-2 - 2))?
-6
What is -216 - -233 - (-1 - -8)?
10
Calculate -9 - (-28 + 18) - (-2 + 13).
-10
Evaluate -12 - (2 + -39 + 16).
9
6 + 12 + -10 + -25
-17
What is 3 - ((9 - (9 - 13)) + 1)?
-11
Evaluate -23 + 64 + -14 + (1 - 15).
13
(-75 - (-45 + 33)) + 39
-24
Evaluate 8 - (8 - (-2 + -9)).
-11
Evaluate 2 - 3 - (-54 - -64).
-11
What is -17 - (16 + -33 + 9)?
-9
Calculate 0 - (37 + -40 - (-3 - 0)).
0
Evaluate (13 - (7 + -2)) + (86 - 98).
-4
Calculate (3 - 7 - -4) + (11 + -14 - -23).
20
What is the value of -12 - -14 - -2 - -6?
10
What is the value of 47 - (14 - (4 - 19))?
18
What is 0 + 4 + -7 + -6 - -8?
-1
What is the value of (1 + -2 - (-2 + 15)) + (-12 - -2)?
-24
What is -36 + 3 + 21 - -9?
-3
What is -7 - ((7 - 3 - -2) + -3)?
-10
10 + -1 - (-651 - -654)
6
What is -2 - (-15 - (-3 - 2) - -5)?
3
What is 6 + 17 + -17 + (2 - 15 - -6)?
-1
Calculate 0 + 2 + (-22 - -16) + 8.
4
Evaluate 3 - 3 - 18 - -14.
-4
Calculate -15 - (-1 + -11 + 7).
-10
Calculate 33 + -48 + 0 + 21.
6
-18 + (-16 - -12) + 13
-9
What is -3 - (-5 + -4 - -5 - (1 + 0))?
2
What is the value of 77 - (65 + 8) - (-1 + 16)?
-11
-9 + 5 + 0 + -8
-12
Calculate 4 + -5 + -4 - -4 - -9 - 30.
-22
Calculate 205 + -225 - (2 + -12).
-10
13 + (13 - -10) + -9 + -7
20
Calculate 2 + -10 + 17 + 5 + -7 + 5.
12
0 - (8 + 3 + -7 + -3 - -3)
-4
Evaluate (-27 + 13 - -9) + -3 + 0 + 20.
12
What is 13 - ((32 - 14) + -18)?
13
9 - (10 + -5 - 4)
8
What is the value of (106 - 134) + (34 - -7)?
13
What is the val